by a/(12/(-21)) + -3?
3
Suppose -95*q + 117891 - 18331 = 0. What is the remainder when q is divided by 30?
28
Let l(b) = -b**2 - 35*b + 214. What is the remainder when l(-39) is divided by 10?
8
Let n(k) = k**3 - 2*k - 2. Suppose 2*p - 4*p - 8 = 0, -5*z + 5*p = -30. Calculate the remainder when 8 is divided by n(z).
0
Suppose 69 = -370*r + 371*r. Calculate the remainder when 2757 is divided by r.
66
Let c = 226 + -193. What is the remainder when 193 is divided by c?
28
Let w(z) = -z + 2. Let h be w(1). Let r(x) = -5*x + 1. Let i be r(h). Calculate the remainder when (-2)/i + (-175)/(-14) is divided by 5.
3
Let l(m) = 5*m**2 + 3*m + 3. Let n = 36 + -33. Let p = 13 - n. What is the remainder when l(-2) is divided by p?
7
Let m = -28 + 45. Suppose 2*v - m = -5. Calculate the remainder when 130 is divided by v.
4
Let z(j) = -6*j + 2. Let a be z(3). Let i be (a/(-10))/(6/(-15)). Calculate the remainder when 28 is divided by i - (38*-1)/2.
13
Let w(o) = 2*o**2 - 2*o - 6. Calculate the remainder when w(5) is divided by 12.
10
Let z(r) = r**2 + 3*r + 2. Suppose 80 = 1627*q - 1611*q. Calculate the remainder when z(-5) is divided by q.
2
Suppose -24*s + 1720 = 16*s. What is the remainder when s is divided by 17?
9
Suppose 4*w = -w + 10. Calculate the remainder when (-6)/(-14) + (-810)/(-21) is divided by w/3 + (-28)/(-3).
9
What is the remainder when 25270/175*10/(-8)*-2 is divided by 33?
31
Let a = -1272 + 1289. What is the remainder when 506 is divided by a?
13
Suppose -c + 211 = -0*c. What is the remainder when c is divided by 43?
39
Let s(k) = -13 - 165*k + 167*k + 3*k**2 - k**2. Calculate the remainder when 97 is divided by s(-5).
16
Suppose 0 = 4*d + 2*t - 304, 2*t = 3*d - 8*d + 381. Suppose 3*f = -5*s + 61, -4*f = 2*s + 5 - d. Calculate the remainder when 33 is divided by f.
16
Let v = -67 + 149. What is the remainder when v is divided by 21?
19
Let h = 77 - 74. Suppose s - 79 = -3*m, 3*s - 107 = -m - h*m. What is the remainder when 45 is divided by m?
19
Let d(g) = 8*g**2. Let h(r) = -r - 5. Let z be h(-5). Let b = z + -1. What is the remainder when 30 is divided by d(b)?
6
Let b(u) = -u**3 + 57*u**2 + 184*u - 140. What is the remainder when b(60) is divided by 31?
7
Suppose 2*q = 3*b + 4 - 119, -5*q = -5. Calculate the remainder when b is divided by 7.
4
Let k = -209 + 238. What is the remainder when 172 is divided by k?
27
Let l(d) = 2*d**3 - d**2 - 2*d. Suppose -2*t - 122 = -4*b, 10*b - 5*b = -t + 135. Calculate the remainder when b is divided by l(2).
4
Let c be 0 - (4/1 - 2). Suppose 3*h - 4*b + 8 = 4, -4*h + 36 = 5*b. Let f = h + c. What is the remainder when 2 is divided by f?
0
Let j(v) = v**2 + 4*v - 1. Let f be j(-5). Let n = f + 3. Let o = 15 - n. What is the remainder when 23 is divided by o?
7
Calculate the remainder when (1/(-2))/((-20)/3320) is divided by 23.
14
Let q(c) = -4*c - 6. Suppose 0 = 24*m - 23*m. Suppose v = -m*v + 53. Calculate the remainder when v is divided by q(-5).
11
Let c = -73 - -192. Suppose -3*w + 5*y = -178, -2*w = -0*y - 3*y - c. Suppose -4*k = 5*u - 79, k + 3*u = -4 + 29. What is the remainder when w is divided by k?
13
Suppose 5*k - 195 + 130 = 0. Calculate the remainder when k is divided by 5.
3
Let r(h) = 4*h**2 + 5*h - 1. Let f(s) = -s**2. Let c be f(-2). Let q = 29 - 14. What is the remainder when r(c) is divided by q?
13
Let j = -1446 + 2762. What is the remainder when j is divided by 55?
51
Let c(q) = -q**2 + 7*q + 11. Let z be c(8). Suppose 0 = z*w - 0*w - 99. Calculate the remainder when w is divided by 14.
5
Let a(u) be the second derivative of -u**4/4 - 4*u**3 + 11*u**2/2 - 29*u. What is the remainder when 54 is divided by a(-8)?
10
Suppose -4*f + 153 = -15. Let a(l) = l**3 + 56*l**2 - 58*l - 46. What is the remainder when f is divided by a(-57)?
9
What is the remainder when 4 is divided by (-1 - -5)*(4/16)/1?
0
Let k = 2 + -2. Suppose k*n - 12 = -2*n. What is the remainder when (3 - -12) + 5 - -1 is divided by n?
3
Suppose 0*z = -4*z + 188. Let v be 55 + -2 - (-3 - -3). Suppose -v = s - 69. Calculate the remainder when z is divided by s.
15
Let f be (-27)/18 + 9/6. Suppose -2*x - 3*r + 160 = f, 4*x - 2*r - 4 - 300 = 0. What is the remainder when x is divided by 39?
38
Let m = 10 + -6. Suppose -2*h - 5*y + 31 = -3*h, 92 = -m*h + 4*y. Let b = -13 - h. What is the remainder when 14 is divided by b?
6
Suppose h = -0 + 25. Calculate the remainder when 43 is divided by h.
18
Suppose -4*q + 32 = j + q, -3*j - 2*q = -31. Let v(c) = c**2 - 6*c + 4. What is the remainder when -6*19/(-2)*(-59)/(-177) + 0 is divided by v(j)?
8
What is the remainder when 49 is divided by (-52)/(-26)*(-1 - -11)?
9
Suppose -5*g + 90 = 17*j - 14*j, 2*g + 5*j = 55. Calculate the remainder when (-420)/(-45)*(-1 + 4) is divided by g.
13
Let u = 11 - 1. Suppose -a + u = a. Let c(t) = -t**3 + 4*t**2 + 4*t + 6. Calculate the remainder when c(a) is divided by 1.
0
Let t be ((-6)/(-5))/((-15)/200). Let d = t + 21. Suppose -62 = -d*h - 2. Calculate the remainder when h is divided by 3.
0
Let t(s) = 2*s**2 - 51*s - 53. What is the remainder when t(34) is divided by 22?
19
Let r be (33/(-22))/(3/8). Let l(d) = -d**3 + 6*d**2 + 17*d - 10. Let u be l(8). What is the remainder when 20 is divided by u*7*2/r?
6
Suppose -3*o = -3*b + 66, 0 = -o + 2*b + 3*b - 30. Let g = -14 + 6. Let k = g - o. Calculate the remainder when 22 is divided by k.
10
Let q be -5*(1 + (-368)/20). Let u = 14 + q. Suppose -4*k + 86 = 3*b, -2*b + k - 3*k = -56. What is the remainder when u is divided by b?
23
Let z be (2/8)/((36/(-6))/(-72)). Suppose 2*w - 16 = c, -10 = -z*w - 3*c + 23. Calculate the remainder when w is divided by 2.
1
Let t = -160 + 96. Let i = t + 93. What is the remainder when i is divided by 10?
9
Let b(a) = a - 8*a**2 + 98*a**2 + 1 - 10*a**2 - 3*a. Suppose 3*u - 24 + 15 = 3*s, 3*u + 11 = -2*s. Calculate the remainder when b(u) is divided by 21.
20
Let m = 49 - 13. Let o = m + -17. Calculate the remainder when o is divided by 4.
3
Suppose -2*d - 2*d = -5*z - 291, -301 = -4*d + 3*z. What is the remainder when d is divided by 10?
9
Suppose 0 = 4*g - 460 - 784. Suppose 5*b + 2*l + l = g, 2*l = -3*b + 186. Calculate the remainder when b is divided by 5.
4
Let y(a) = -37*a - 68. What is the remainder when y(-4) is divided by 9?
8
Let z = 259 + -240. Calculate the remainder when 433 is divided by z.
15
Calculate the remainder when 295 is divided by (22/5)/((-52)/(-390)).
31
Let z be (-6*8/(-12))/((-4)/(-24)). Suppose 0*d + 4*d = z. Calculate the remainder when 28 is divided by d.
4
Let g = 63 - 61. Suppose 3*m - 30 = g*m. Calculate the remainder when m is divided by 8.
6
What is the remainder when 162 is divided by (-1 - 0)*(7 + -13 - -1)?
2
Suppose 2*p - 2 = -m - 0, 4*m = 3*p - 14. Suppose -10 = -2*j, 2*f + 2*j - 4*j = -p. Calculate the remainder when 9 is divided by f.
1
Suppose 9*n = 10*n - 5*d - 121, n + 4*d = 157. What is the remainder when n is divided by 3?
0
Let z(b) = b**3 + 7*b**2 + 5*b - 7. Suppose -4*a = 15 + 5. What is the remainder when z(a) is divided by 7?
4
Let i(y) = -1107*y + 21. Let l be i(2). Calculate the remainder when l/(-27) + (-8)/36 is divided by 28.
25
Let q(y) = 3*y - 2. Suppose b + 8 = 5*b. Suppose b*j + 1 - 17 = 0. Calculate the remainder when q(10) is divided by j.
4
Let l = 0 + 3. Suppose -7*d + 340 = -l*d. Calculate the remainder when d is divided by 22.
19
Suppose w + w - 506 = -2*i, 4 = 4*i. What is the remainder when w is divided by 86?
80
Suppose 2*m + h = 158, -2*h - 494 + 81 = -5*m. What is the remainder when 317 is divided by m?
74
Suppose -2*s + 5*d = -44, 5*s - 4*d - 12 - 64 = 0. Let b = -7 + 10. Calculate the remainder when b*-94*1/(-6) is divided by s.
11
Let t(d) = d**3 + 7*d**2 - 10*d - 3. Let z be 3/((-2)/((-8)/6)). Suppose -z*y = -y + 8. Calculate the remainder when 25 is divided by t(y).
12
Let x = 16 - -21. Suppose -102*h + 108*h = 60. Calculate the remainder when x is divided by h.
7
Let s = 33 + -32. Calculate the remainder when (-4186)/(-56) + s/4 is divided by 38.
37
Let f = 9 - 27. Let j = -17 - f. What is the remainder when (4*(-3)/(-12))/1 is divided by j?
0
Let v(h) = 5*h + 31. Let f be v(-10). Let d = -4 - f. Calculate the remainder when 57 is divided by d.
12
Let m(j) = j**3 + 72*j**2 + 70*j